What is the greatest common divisor of 70573528 and 108120?
7208
Calculate the greatest common factor of 4779699 and 497352.
3657
What is the highest common divisor of 14458098 and 2196?
366
What is the highest common divisor of 5178280 and 24?
8
Calculate the highest common divisor of 94929460 and 35.
5
Calculate the highest common divisor of 399743588 and 368.
92
What is the greatest common factor of 591247 and 2472889?
631
Calculate the greatest common factor of 4470276 and 3.
3
Calculate the highest common factor of 60494 and 116196011.
4321
What is the highest common divisor of 83691096 and 12?
12
Calculate the highest common factor of 161658 and 93723.
21
Calculate the highest common divisor of 412 and 44855264.
412
Calculate the greatest common factor of 380 and 6581125.
95
What is the highest common divisor of 727625 and 4965313?
5821
Calculate the greatest common divisor of 3669207 and 33303.
1959
Calculate the highest common factor of 408128 and 36288.
448
What is the greatest common divisor of 171 and 1807774?
19
Calculate the highest common factor of 53413632 and 328248.
6984
What is the highest common divisor of 6531 and 770187768?
6531
What is the highest common divisor of 64431302 and 3406?
3406
Calculate the highest common factor of 3149258 and 6020.
14
Calculate the greatest common factor of 49134526 and 12992.
406
What is the greatest common divisor of 3478 and 5271538?
74
Calculate the highest common factor of 32 and 198694752.
32
What is the greatest common divisor of 4060035 and 42651?
63
What is the highest common factor of 90 and 736466355?
45
What is the highest common factor of 149071861 and 3111?
1037
Calculate the highest common factor of 21489 and 25799241.
1131
What is the greatest common factor of 1040783191 and 7?
7
Calculate the greatest common divisor of 10780 and 1596595.
385
What is the highest common divisor of 11849 and 27292871?
289
Calculate the highest common divisor of 2088 and 9019566.
18
Calculate the greatest common factor of 129190 and 12910.
10
What is the greatest common factor of 474411 and 41437839?
3567
What is the highest common divisor of 30 and 614723730?
30
Calculate the highest common factor of 343 and 5831.
343
Calculate the greatest common divisor of 33 and 76901121.
33
Calculate the greatest common factor of 6802322 and 2335.
467
What is the highest common factor of 3047 and 2282918?
11
Calculate the greatest common divisor of 512 and 19749328.
16
Calculate the greatest common factor of 12 and 14076012.
12
Calculate the greatest common factor of 31551975 and 68425.
4025
What is the highest common divisor of 132890362 and 214?
214
Calculate the greatest common divisor of 11343647 and 196.
49
What is the greatest common divisor of 24038196 and 28?
28
What is the greatest common factor of 10800 and 934848?
432
What is the greatest common factor of 2457 and 841308?
39
What is the highest common factor of 26539723 and 322?
161
What is the greatest common factor of 90 and 29871810?
90
What is the greatest common factor of 18784 and 891460464?
9392
What is the highest common factor of 3906 and 406871094?
1302
What is the greatest common divisor of 26931 and 81874?
47
What is the greatest common divisor of 69411624 and 60?
12
What is the highest common factor of 312 and 77847276?
156
What is the highest common divisor of 79280 and 17232499?
991
Calculate the highest common factor of 2938 and 13633789.
1469
Calculate the highest common divisor of 627386502 and 4612.
2306
What is the highest common divisor of 16605119 and 3441?
1147
Calculate the highest common factor of 77675 and 151089825.
5975
Calculate the greatest common divisor of 28 and 32367604.
4
Calculate the highest common divisor of 37318648 and 4208.
2104
What is the highest common factor of 212 and 2676182?
106
What is the highest common factor of 12662 and 2463733?
487
Calculate the greatest common divisor of 2416833 and 9.
9
Calculate the greatest common divisor of 1275242904 and 48.
24
What is the greatest common factor of 28998 and 10382?
358
What is the greatest common factor of 10066545 and 10?
5
Calculate the greatest common divisor of 116 and 6353987.
29
What is the highest common factor of 599 and 33599707?
599
Calculate the highest common factor of 1276025 and 78475.
1075
Calculate the greatest common divisor of 646 and 8542874.
34
What is the highest common factor of 332111 and 1196?
13
Calculate the highest common divisor of 3144 and 86364632.
1048
What is the greatest common factor of 1971 and 923157?
27
What is the greatest common divisor of 2762754 and 97?
97
Calculate the greatest common factor of 3683 and 4646803.
127
Calculate the greatest common factor of 54 and 15080904.
54
What is the highest common factor of 4688996 and 364?
52
Calculate the highest common factor of 4326 and 10172211.
21
Calculate the greatest common factor of 50 and 1342000.
50
What is the highest common divisor of 941604 and 12?
12
Calculate the greatest common factor of 640 and 71209280.
320
What is the highest common factor of 3548736 and 111100?
404
What is the greatest common factor of 1328 and 87625424?
1328
What is the highest common divisor of 69597 and 90717?
33
Calculate the greatest common factor of 918236 and 172.
4
What is the highest common divisor of 531 and 510738?
3
What is the greatest common factor of 58 and 111614?
2
What is the greatest common factor of 13109493 and 9273?
843
What is the highest common factor of 545985 and 225?
45
What is the highest common factor of 52966 and 43807?
71
Calculate the highest common divisor of 65057478 and 618.
618
Calculate the highest common divisor of 129097436 and 4.
4
Calculate the greatest common factor of 120712 and 88480.
632
What is the highest common divisor of 21404148 and 447?
447
What is the highest common factor of 464099302 and 1619?
1619
Calculate the highest common divisor of 46864 and 213614.
58
Calculate the greatest common divisor of 73 and 275073.
1
Calculate the greatest common divisor of 4520 and 14332129.
113
Calculate the highest common divisor of 88342488 and 4.
4
What is the highest common divisor of 1885 and 1338060?
145
Calculate the greatest common divisor of 3484183 and 4402.
2201
What is the greatest common divisor of 1635427 and 466?
233
Calculate the greatest common factor of 32548 and 24652432.
412
What is the greatest common factor of 392 and 22886584?
56
Calculate the greatest common factor of 659 and 52433.
1
What is the greatest common factor of 45898217 and 278?
139
Calculate the highest common factor of 62675030 and 770.
110
Calculate the greatest common divisor of 100192 and 3801344.
992
Calculate the highest common factor of 8052232 and 616392.
9784
What is the greatest common factor of 13854345 and 93?
3
What is the highest common divisor of 2169351 and 779?
41
What is the highest common factor of 360 and 7693080?
120
What is the highest common divisor of 2013 and 7237162?
61
Calculate the greatest common factor of 133 and 52546837.
133
Calculate the greatest common factor of 505109 and 55.
11
What is the highest common divisor of 39 and 11728249?
13
What is the highest common factor of 31696 and 254464?
112
What is the greatest common factor of 5544 and 39827942?
154
What is the highest common factor of 31715656 and 234472?
4424
Calculate the highest common divisor of 2923453 and 429.
13
Calculate the highest common factor of 476220188 and 268.
268
What is the highest common factor of 812821 and 200294?
2329
What is the highest common divisor of 589759 and 4?
1
Calculate the highest common factor of 23590375 and 1500.
125
What is the greatest common divisor of 4 and 43527268?
4
What is the highest common factor of 18990136 and 242?
22
What is the highest common factor of 2599 and 3932626?
113
What is the highest common factor of 16422628 and 4?
4
Calculate the greatest common factor of 6814845 and 28305.
1665
What is the highest common factor of 95700950 and 826?
118
Calculate the greatest common factor of 70062117 and 357.
51
Calculate the greatest common divisor of 2041 and 9971541.
157
What is the greatest common divisor of 1396 and 562620108?
1396
Calculate the highest common factor of 13248 and 182176.
32
Calculate the highest common di